**2 + 55*r + 9. Calculate c(-25).
-116
Let g(z) = 4*z - 6. What is g(1)?
-2
Let c(j) = 3*j**2 + 4*j + 3. Give c(-3).
18
Let u(a) = a**3 + 59*a**2 + 2*a + 128. What is u(-59)?
10
Let p(z) = 9*z**3 + z**2 + z - 2. Give p(1).
9
Let q(x) = x**3 + 18*x**2 + 16*x - 20. What is q(-17)?
-3
Let b(t) = -t**3 + 9*t**2 - 7. Determine b(7).
91
Let p(k) = k**3 + 6*k**2 - 4*k + 13. Calculate p(-7).
-8
Let p(d) = -d**3 + 13*d**2 - 51*d + 40. What is p(6)?
-14
Let q(f) = -f**3 - 28*f**2 - 28*f - 25. Determine q(-27).
2
Let c(m) = -m**2 + 4*m + 80. Determine c(10).
20
Let c(h) = 4*h**2 + 6*h - 8. Give c(3).
46
Let z(g) = -2*g - 1. Give z(-3).
5
Let y(z) = z**2 + 3*z + 6. What is y(-4)?
10
Let i(m) = -4*m - 98. Determine i(-18).
-26
Let m(t) = 2*t - 15. Give m(9).
3
Let x(t) = 24*t**3 - t - 1. Determine x(-1).
-24
Let v(n) = n**3 + 3*n**2 + 2*n + 7. Calculate v(-4).
-17
Let u(f) = -f**3 - 13*f**2 + 12*f - 17. What is u(-14)?
11
Let x(h) = h**3 + 3*h**2 + 21*h + 56. Give x(-3).
-7
Let w(y) = -2*y**3 - 8*y**2 + 17*y + 36. Determine w(-5).
1
Let f(t) = -t**2 + 23*t + 26. Calculate f(20).
86
Let p(m) = -2*m**2 + 6*m + 67. Determine p(-5).
-13
Let h(z) = z**3 + 2*z**2 - 5*z - 11. Calculate h(-3).
-5
Let l(p) = -9*p - 11. Calculate l(6).
-65
Let c(z) = 6*z**2 - 6*z. Calculate c(4).
72
Let m(s) = s**2 - s - 62. Give m(0).
-62
Let q(a) = 6*a + 89. What is q(-20)?
-31
Let o(s) = -4*s**2 - s - 1. Calculate o(1).
-6
Let z(f) = f + 11. Give z(-15).
-4
Let q(d) = -6*d**2 + 9*d - 8. Calculate q(2).
-14
Let m(i) = 3*i - 4. Give m(-5).
-19
Let d(u) = -2*u**2 - 24*u - 25. Give d(-11).
-3
Let g(n) = -n**2 + 12*n - 18. Determine g(12).
-18
Let j(c) = -5*c + 43. Give j(8).
3
Let y(u) = 60*u**3 - 2*u**2 + 1. Give y(1).
59
Let w(z) = -z**2 - 8*z + 10. Determine w(-6).
22
Let y(l) = -l**2 + 21*l + 51. Calculate y(23).
5
Let i(o) = o**3 + 14*o**2 - 14*o + 10. Give i(-15).
-5
Let g(n) = -n**3 + 7*n**2 + 7*n + 3. What is g(8)?
-5
Let m(q) = -2*q**3 - 15*q**2 + 52*q - 4. Calculate m(-10).
-24
Let y(j) = -18*j - 45. What is y(-3)?
9
Let i(g) = -g - 4. What is i(-5)?
1
Let x(o) = -5*o - 88. Give x(-17).
-3
Let d(v) = v**3 + 13*v**2 + 20*v - 1. Determine d(-11).
21
Let l(u) = -u**3 + 19*u**2 - 12*u + 222. What is l(19)?
-6
Let f(g) = 38*g**2 - 231*g + 25. Calculate f(6).
7
Let b(j) = j**3 - 5*j**2 + 2*j + 1. Determine b(5).
11
Let o(x) = -x - 1. Calculate o(-7).
6
Let c(o) = o**3 - 6*o**2 - 9*o - 11. Determine c(7).
-25
Let q(z) = z**3 - 9*z**2 + 17*z - 4. Give q(9).
149
Let l(u) = 3*u**2 + 53*u + 37. What is l(-17)?
3
Let z(u) = 3*u**3 + u. Determine z(-1).
-4
Let v(g) = -g**2 + 12*g - 19. Determine v(9).
8
Let s(i) = -i - 12. Calculate s(-6).
-6
Let j(f) = -f**3 + 4*f**2 - 3*f + 2. What is j(1)?
2
Let n(f) = -4*f - 51. What is n(-10)?
-11
Let s(h) = -h**3 - 20*h**2 + 5*h + 122. Give s(-20).
22
Let l(m) = 7*m - 69. What is l(9)?
-6
Let t(d) = d**3 - 14*d**2 + 10*d + 47. What is t(13)?
8
Let o(y) = -y**2 - 21*y - 109. Give o(-11).
1
Let t(m) = -m**2 + 20*m + 36. What is t(22)?
-8
Let j(y) = -25*y + 68. Give j(3).
-7
Let v(m) = -4*m**3 + 2*m**2 + m - 4. Calculate v(2).
-26
Let v(n) = -4*n + 41. Determine v(7).
13
Let b(p) = p**3 - 10*p**2 + 14*p - 7. Give b(3).
-28
Let i(p) = p**2 + 31*p + 109. Determine i(-28).
25
Let g(t) = -t**3 - 11*t**2 - 12*t - 3. Give g(-9).
-57
Let f(q) = 78*q**2 - 8*q - 7. Calculate f(-1).
79
Let n(z) = z**3 + z**2 + 2*z - 2. Calculate n(-3).
-26
Let y(l) = -2*l**2 + 16*l + 3. What is y(8)?
3
Let z(k) = k**3 + 15*k**2 - 18*k - 27. What is z(-16)?
5
Let m(f) = 2*f - 6. Determine m(-10).
-26
Let w(t) = 63*t + 2. What is w(1)?
65
Let t(y) = -2*y**2 + 16*y. Calculate t(8).
0
Let p(g) = -4*g - 53. Determine p(-14).
3
Let f(p) = -p - 28. Determine f(-14).
-14
Let k(p) = p**3 - 11*p**2 - 11*p - 12. Give k(12).
0
Let z(l) = 2*l**2 - 4*l - 2. Give z(4).
14
Let l(j) = -27*j + 193. What is l(7)?
4
Let a(u) = 11*u - 17. Give a(5).
38
Let m(x) = x**3 + x**2 - 7*x + 1. Give m(-3).
4
Let g(o) = 20*o**3 - o**2 - o + 1. Determine g(1).
19
Let u(t) = t**2 - 7*t - 12. What is u(9)?
6
Let z(t) = t**3 - 20*t**2 + 40*t - 72. Calculate z(18).
0
Let r(j) = j**2 - 4*j - 11. What is r(6)?
1
Let j(w) = 3*w + 9. What is j(-6)?
-9
Let c(x) = x**2 + 18*x + 73. Give c(-10).
-7
Let r(l) = l**3 + 4*l**2 + 5*l + 5. Calculate r(-2).
3
Let p(b) = 8*b**2 + 78*b - 24. Calculate p(-10).
-4
Let m(r) = -r**2 - 2*r - 8. Give m(-7).
-43
Let d(q) = q**2 - 11*q - 15. What is d(13)?
11
Let g(i) = -i**2 - 9*i + 19. Determine g(-14).
-51
Let t(s) = -s**3 + 26*s**2 + 61*s - 59. Determine t(28).
81
Let l(d) = 2*d - 8. What is l(8)?
8
Let k(l) = -10*l**2 + 10*l - 23. Determine k(2).
-43
Let v(c) = -c**2 - 10*c + 30. Give v(-9).
39
Let v(u) = 4*u + 7. Give v(-2).
-1
Let j(a) = a**3 + 7*a**2 + 9*a + 9. Give j(-5).
14
Let a(j) = -2*j - 40. What is a(-23)?
6
Let x(h) = h**2 + 21*h + 100. Give x(-9).
-8
Let q(n) = -n**3 + 38*n**2 + 124*n - 44. Determine q(41).
-3
Let v(r) = -14*r - 46. Calculate v(-3).
-4
Let k(u) = u**3 + 8*u**2 + 16*u + 11. Calculate k(-6).
-13
Let r(g) = g**3 - 9*g**2 - 2*g + 13. What is r(9)?
-5
Let b(t) = t**3 + 3*t**2 - 13*t - 13. Give b(-5).
2
Let m(v) = v**3 - 7*v**2 - v - 1. What is m(3)?
-40
Let l(t) = 4*t - 2. What is l(-1)?
-6
Let g(j) = 3*j - 65. Calculate g(20).
-5
Let i(z) = -z**2 + z + 17. Determine i(-5).
-13
Let m(l) = l**2 + l + 4. What is m(5)?
34
Let a(u) = 37*u + 31. Calculate a(-4).
-117
Let a(b) = b**3 + 8*b**2 + 15*b - 7. What is a(-5)?
-7
Let r(k) = -k**3 - 13*k**2 + 25*k - 12. Calculate r(-15).
63
Let s(w) = 4*w - 14. What is s(10)?
26
Let r(o) = -47*o - 93. Calculate r(-2).
1
Let g(o) = o**3 - o**2 + 7. Determine g(0).
7
Let r(p) = p + 5. Calculate r(-23).
-18
Let k(b) = -64*b - 4. Give k(-2).
124
Let j(z) = -z**2 - 7*z - 5. What is j(-7)?
-5
Let d(z) = -z**2 - 15*z - 22. Calculate d(-13).
4
Let p(x) = 2*x + 2. Give p(-35).
-68
Let g(o) = 6*o**2 + 2*o - 7. Calculate g(3).
53
Let a(z) = -2*z**3 - 5*z**2 - 1. Calculate a(-3).
8
Let j(g) = -g**3 + 2*g**2 + 7*g + 3. What is j(4)?
-1
Let u(p) = -4*p + 46. Calculate u(12).
-2
Let a(k) = k**2 - k + 1. Determine a(3).
7
Let f(h) = -2*h**3 - 10*h**2 - 4*h + 7. Give f(-5).
27
Let x(a) = 7*a - 63. Give x(10).
7
Let v(o) = -8*o + 136. Calculate v(17).
0
Let f(z) = -z**3 - 21*z**2 + 72*z + 5. Determine f(-24).
5
Let r(g) = g**3 + 11*g**2 + 13*g + 8. Give r(-10).
-22
Let w(z) = -4*z**2 - 6*z + 5. Give w(2).
-23
Let c(o) = 2*o - 6. What is c(3)?
0
Let z(r) = -2*r + 26. Calculate z(0).
26
Let w(j) = -12*j + 121. What is w(10)?
1
Let b(f) = 7*f + 14. Give b(-6).
-28
Let w(z) = -3*z**2 - 2*z - 1. Give w(-2).
-9
Let x(b) = b - 4. Determine x(6).
2
Let p(z) = -z - 18. Calculate p(-7).
-11
Let q(z) = -z**3 + 16*z**2 - 17*z + 4. Calculate q(15).
-26
Let g(r) = 8*r + 1. What is g(1)?
9
Let y(k) = -6*k + 4. Give y(-3).
22
Let u(b) = -17*b**2 - 2*b - 3. Give u(-1).
-18
Let o(r) = -r**2 + 9*r - 1. Calculate o(5).
19
Let l(s) = -s**2 - 21*s - 99. What is l(-6)?
-9
Let g(k) = k - 1. Give g(-5).
-6
Let b(x) = -45*x - 4. What is b(-1)?
41
Let p(a) = -a**2 - 9*a - 3. Determine p(-9).
-3
Let b(q) = -q**3 - 33*q**2 - 60*q + 58. What is b(-31)?
-4
Let p(n) = -n**3 + 33*n**2 - 10*n + 336. Determine p(33).
6
Let q(i) = 13*i - 52. Determine q(4).
0
Let v(d) = -6*d**3 - d**2 + 4*d - 3. Give v(2).
-47
Let y(i) = -i**3 + 5*i**2 + 5*i - 8. Determine y(5).
17
Let y(p) = -p**3 - 6*p**2 - 2*p + 5. What is y(-5)?
-10
Let o(z) = -3*z - 12. Calculate o(-7).
9
Let w(d) = 2*d - 5. What is w(2)?
-1
Let t(q) = -q**2 - 5*q + 6. What is t(-5)?
6
Let y(v) = 2*v. Determine y(3).
6
Let o(n) = -n**2 - 16*n + 21. Determine o(-18).
-15
Let z(q) = 4*q + 26. Calculate z(-8).
-6
Let y(a) = 3*a + 16. What is y(10)?
46
Let o(k) = k**2 - 3*k - 115. Give o(-10).
15
Let f(y) = y**3 + 9*y**2 + 6*y - 9. Calculate f(-5).
61
Let l(m) = m**2 + 21*m - 42. Give l(-23).
4
Let z(y) = -y + 13. Give z(13).
0
Let o(z) = z**3 + 21*z**2 + 2*z + 39. Give o(-21).
-3
Let h(k) = k**3 - 6*k**2 - 15*k - 7. Determine h(-2).
-9
Let i(b) = 4*b + 15. Calculate i(-6).
-9
Let d(r) = -r**2 + 10*r + 8. Give d(11).
-3
Let s(v) = -2*v**2 - 3*v + 3. Determine s(-6).
-51
Let s(q) = -q**3 - 4*q**2 + 7*q + 1. Determine s(-5).
-9
Let z(i) = -i**2 + 9*i + 6. Calculate z(9).
6
Let w(h) = -52*h + 2. Determine w(-1).
54
Let s(